1 - 203871777 = -124*l + 46986624. Is l composite?
False
Let b(k) = 6*k**2 + 20*k + 46. Let g be b(-3). Let z(d) = d**3 - 30*d**2 - 11*d + 11. Is z(g) composite?
True
Is 672722 - -64 - 8/(3 + -4) prime?
False
Suppose -2*p + 638903 = 5*m, -5*m + 638909 = 9*p - 8*p. Is m a composite number?
True
Suppose 8 = -30*x + 34*x, 64753 = r - 5*x. Is r a composite number?
False
Let g = 2007 + -1008. Suppose -f + 857 = -g. Suppose 3*h - 805 = f. Is h composite?
False
Let g(t) = 9*t - 20. Let n be g(6). Let x = n - 33. Is x*4/(-20)*-1585 a composite number?
False
Let w(s) = 4679*s - 1258. Is w(31) prime?
True
Suppose 4*m - 3*m - j - 158961 = 0, -5*j = -4*m + 635840. Is m a prime number?
False
Let x = 306 - 473. Suppose f = -0*f + q + 422, -2*f = -q - 840. Let r = x + f. Is r a composite number?
False
Suppose -226*s - 567479 = -73503781. Is s a composite number?
False
Let v be (5980/(-30) - (-2)/6)*-1. Let i be (-4938)/(-8) - 6/(-8). Let x = i - v. Is x prime?
True
Let f = 263 - 255. Is ((-20828)/(-6))/(f/12) prime?
False
Suppose 0 = -0*v - 2*v - 4*z - 4334, -6501 = 3*v + 4*z. Let b = -188 - v. Is b composite?
False
Let j(m) = -51 + 1481*m**2 + 6*m + 34 + m - 11*m. Is j(4) a composite number?
False
Let x(n) = -164502*n - 8809. Is x(-6) composite?
False
Let x(p) = -16*p + 7. Let a be x(-4). Suppose 0 = -v - 2*g + a, 4*v - g = 184 + 82. Is v a prime number?
True
Suppose 4*g - 2*s = -7060, -5*g + 5*s - 8277 = 558. Let c be 3 + 1 - (-16)/(-40)*2285. Let p = c - g. Is p a composite number?
False
Suppose -15*r + 36*r - 5087583 = -1845456. Is r prime?
True
Is 7/4 - (-45)/(-36)*-4241 a prime number?
True
Let a(p) = -89*p**3 - 3*p**2 + 8*p + 20. Let k be a(-4). Let o = k + -1647. Is o a composite number?
False
Let t(p) be the first derivative of 178*p**3/3 + 7*p**2/2 - 2*p + 16. Is t(-5) composite?
True
Is 72 - 68 - 2/(2/(-1177839)) composite?
False
Suppose 0 = -r + 3, 78*j - 81*j + 2*r + 71133 = 0. Is j a composite number?
True
Let w = -20127 - -35204. Let v = w + -8886. Is v prime?
False
Suppose 0 = 325*k - 21940920 - 12376805. Is k a prime number?
False
Let m be 26*(-7)/14 + -5. Is ((-1179)/m)/((-3)/(-114)) a prime number?
False
Is 8/28*140/4 - -24247 a prime number?
False
Let f(d) = -14*d. Let w be f(1). Let z = -142 - -140. Is (z - -8)*(-413)/w composite?
True
Suppose 10183*k + 1639771 + 431444 = 10198*k. Is k a composite number?
True
Suppose -5*k + 12 = 4*p - k, -4*p + 12 = k. Is p*8887/4*(-540)/(-135) a prime number?
False
Let w(b) be the third derivative of b**4/24 - 3*b**3 + 14*b**2. Let n be w(21). Is 25/(-10) + n - (-10070)/4 a prime number?
False
Let l(a) = a - 16. Let q be l(-14). Let t = -26 - q. Suppose -t*y = -k + 37, -5*k - 3*y + 126 = -174. Is k prime?
False
Let y be (-12)/(-48) + 6/8. Let f(z) = y + 85*z + 181*z + 123*z - 5. Is f(3) prime?
True
Suppose 9 = -a + 13. Let y be 3 - a - 3 - 3165/(-3). Let t = y - -346. Is t a composite number?
True
Let r(h) = 8*h**2 - 20*h + 41. Let w(b) = b**3 + 6*b**2 + 3*b + 8. Let n be w(-6). Is r(n) a composite number?
True
Let r be (66/(-28) - (-11)/(-22))*-7. Is 10/r*(-53642)/(-1) composite?
False
Suppose -26*c + 215 = 17*c. Suppose 3*q - 29395 = -10*t + 14*t, -c*q + 2*t = -48973. Is q prime?
False
Let h(a) = -26085*a**3 - 2*a**2 + 10*a - 1. Is h(-2) prime?
False
Suppose -3*m = -4*m + o + 885, 0 = m + 5*o - 855. Suppose m = 5*u - 1305. Is u prime?
False
Suppose c + q = -38 + 157, -c - 2*q + 119 = 0. Let w = 2331 + -2287. Let k = w + c. Is k a prime number?
True
Let f = 49844 - -249467. Is f a composite number?
False
Let b(v) = 3*v**2 + 2*v + 5. Let t be b(4). Let h = -59 + t. Suppose -3*g = 5*u - 8*g - 680, 5*u + h*g = 645. Is u a prime number?
True
Let l(d) = -75 - 64 + 163*d + 143 + 328*d. Let a = 4 + -1. Is l(a) composite?
True
Suppose 182*h - 3739847 = -246318 + 5718037. Is h composite?
True
Let t = 362315 - 229414. Is t composite?
True
Suppose -326 - 241 = -7*q. Let v = q - -2326. Is v a prime number?
False
Suppose 502246 = -4*n + 1972782. Suppose -t + 5*t = -5*m - 459536, -4*m - n = -2*t. Is m/(-161) - (4/(-14))/2 composite?
False
Suppose 2*z - 6 = 2*v, 4*z + 5*v - 6 = 6. Let u(b) = -2*b**2 - 7*b + z*b - 5 + b + 2 + 7*b**3. Is u(3) a prime number?
False
Let k = -209807 - -367878. Is k a composite number?
False
Suppose 0 = 5*c + 38 - 63. Suppose -c*l = -5*k + 79545, -11*k + 6*k - 4*l = -79581. Is k composite?
False
Let y(o) = 12*o - 49. Let l(a) = 13*a - 50. Suppose -h + 15 = -5*n, 6*n = 4*h + 8*n - 16. Let i(s) = h*l(s) - 6*y(s). Is i(-23) a prime number?
False
Suppose 12800 = 23*s - 212393. Is s a composite number?
False
Suppose -2*d + 3*r = -115 + 400, 297 = -2*d - r. Is 4/14 + (-38031)/d a composite number?
True
Suppose 0 = -69*h + 3516578 + 1861695 + 1692916. Is h composite?
False
Let n(i) = 320*i**2 + 333*i + 18. Is n(13) a composite number?
False
Suppose -4*m - 7613 = 5*b, -3*m - 5*b - 4675 = 1041. Let o = 736 - m. Is o prime?
True
Suppose 3*z - 78501 = -5*n, -5*n + 5878 + 20269 = z. Is z a prime number?
True
Let y = -81635 - -131752. Is y a composite number?
True
Suppose x + 3*m + 15 = 5*x, m = 5*x - 16. Let d(w) = 139*w**2 - 5*w + 23. Is d(x) composite?
False
Is -1*3 - (-1844656)/88 a composite number?
False
Let y = 55 - 51. Suppose 3*f = -3*w + 2859, y*w - 3*f + 8*f = 3812. Is w a prime number?
True
Suppose 5335 - 1543 = -48*n. Let b = 68 + 47. Let z = b - n. Is z composite?
True
Let a(n) be the second derivative of 17*n**3/6 + 14*n**2 - 42*n. Let p(f) = -f + 1. Let r(c) = -a(c) - 6*p(c). Is r(-7) a prime number?
True
Let i(t) = -106*t - 853. Let l be i(-21). Let r(y) = y**3 - 7*y**2 + y - 4. Let f be r(7). Suppose g - l = 3*c, 3*g - 3272 = f*c + 823. Is g a prime number?
True
Let r = -28645 + 142046. Is r a prime number?
False
Let r(l) = l**3 - 5*l**2 + l - 2. Let t be r(5). Suppose 0 = -t*a - 69 + 24. Is -4 - 57/a - (-6732)/10 a prime number?
True
Let i(c) = 654*c + 203. Let s = -136 + 140. Is i(s) a composite number?
False
Let x be 1 - 9/((-27)/78). Let d be 239 - ((-3)/2 + x/6). Let b = 347 - d. Is b a prime number?
False
Suppose -14*u - 146 = -146. Suppose u = -229*l + 233*l - 4348. Is l composite?
False
Let w(z) = z**3 - 11*z**2 + 21*z - 22. Suppose 12 = x + 3*h, x - h - 8 = -0*x. Let s be w(x). Suppose i + l - 3381 = -i, s*i = -2*l + 8455. Is i composite?
False
Is (-2)/(12/(-40386)) + 3*(-4)/(-6) prime?
True
Is 34523 - 72/40*5 composite?
True
Let k(b) = -b**3 - 3*b**2 - b - 3. Let a(d) = -d**3 - 7*d**2 - d - 10. Let x be a(-7). Let i be k(x). Let g(h) = 2*h + 586. Is g(i) composite?
True
Suppose 2*b + 478 + 7476 = -3*m, -4*m + b = 10587. Is (141/(-188))/(2/m) prime?
False
Suppose 2*w - 4*w = -10. Let c be -4 - (w*6)/(-3). Suppose c*d - 364 - 1394 = 0. Is d prime?
True
Let s = 6293 + 228044. Is s prime?
False
Let o(r) = -465*r**3 + 3*r**2 - 2*r - 37. Is o(-5) prime?
False
Let f = 98400 + 8131. Is f a prime number?
True
Suppose -2*p = -0*p, 0 = 5*l + p + 80. Is 5774 - (78/l - (-19)/(-152)) a composite number?
False
Suppose 3*p - 24801 = 6*u - 3*u, p - 8266 = 2*u. Let n = p + -3994. Is n a composite number?
True
Let x be (6/(-7))/((-3)/14). Suppose -1780 = -x*v + 2*z, -v + 6*v - 4*z - 2231 = 0. Is v prime?
True
Let g be 5*1 + (-36)/(-6). Let c(k) = -3*k**2 + 35*k - 15. Let h be c(g). Suppose 17*z - h*z = 13460. Is z a prime number?
False
Is ((-5262)/(-45)*-3)/((-6)/75) prime?
False
Is (-4)/16 - 42994/(-8)*157 composite?
False
Suppose -k + 5*k = 2020. Suppose 3*h - z = 374, 2*z + 2 + 2 = 0. Suppose 3*d = k - h. Is d prime?
True
Suppose 0 = 5*q - 0 + 30. Is ((-10)/(-240)*q)/((-1)/36364) a composite number?
False
Let z(j) = 4*j + 3. Let s be z(-6). Suppose 3*c + 0*c = 3. Is -7*c*(s + -2) composite?
True
Let o(p) = 901*p - 26. Let d be o(-8). Let a = d - -19841. Is a composite?
True
Suppose 23*i = 143 + 87. Is (43612/i)/(6/15) a prime number?
True
Suppose -6 = -q - 3*d, d = q + 3*q + 2. Suppose q*w = 6*w. Suppose w*x = x - 161. Is x a composite number?
True
Let m = 2138 - 1617. Is m composite?
False
Suppose 1 = 8*r - 15. Suppose 0 = 3*k + 8 - r. Is -1 + 856 - (-3 - (-3 + k)) a prime number?
True
Let g = 10280 - 3279. Is g prime?
True
Suppose -4*s + 7*h = 4*h - 31440, 4*s + 4*h - 31412 = 0. Suppose 2*d = -4*m + 7862, 0 = 2*d - 4*d - 5*m + s. Is d a composite number?
True
Let c(d) = -3*d**3 - 50